.
986
What is the greatest common factor of 16749973 and 58833?
2179
What is the highest common divisor of 740 and 332280?
20
What is the greatest common divisor of 12087612 and 36?
36
What is the greatest common factor of 5819 and 4612553?
11
What is the greatest common divisor of 319076 and 116?
4
What is the greatest common divisor of 83840 and 1425920?
640
What is the greatest common factor of 5696051 and 37487?
1973
Calculate the greatest common factor of 3107 and 294775.
13
What is the greatest common divisor of 39 and 1661153?
13
What is the highest common factor of 338944 and 44032?
1024
Calculate the highest common factor of 202949664 and 12.
12
What is the greatest common divisor of 46756256 and 1111664?
16592
Calculate the greatest common divisor of 85 and 1790525.
85
What is the highest common divisor of 382795 and 39410?
35
Calculate the highest common factor of 685970151 and 926.
463
Calculate the greatest common factor of 3767860 and 700.
20
Calculate the greatest common factor of 140967 and 552.
69
Calculate the greatest common divisor of 439752 and 1080.
24
What is the greatest common factor of 3534 and 1302279?
1767
What is the greatest common factor of 267672275 and 46?
23
Calculate the greatest common factor of 34006464 and 84.
12
Calculate the greatest common divisor of 309 and 26205672.
309
What is the highest common factor of 4446 and 477048?
78
What is the greatest common factor of 9485784 and 2436?
2436
Calculate the highest common divisor of 979 and 16973279.
89
What is the greatest common divisor of 3835 and 119495?
5
Calculate the highest common factor of 9666796 and 22892.
236
Calculate the greatest common factor of 768 and 1206276.
12
What is the highest common factor of 3192753 and 204?
51
What is the highest common divisor of 56027061 and 80823?
2787
Calculate the highest common divisor of 757 and 402878428.
757
Calculate the greatest common factor of 34824195 and 30960.
1935
Calculate the greatest common divisor of 138257 and 1106.
7
What is the highest common factor of 142969116 and 6222?
6222
What is the highest common factor of 811 and 1815829?
811
Calculate the highest common divisor of 2082 and 72502.
2
What is the greatest common divisor of 133220780 and 6594?
2198
What is the highest common divisor of 14209 and 156?
13
Calculate the highest common divisor of 1694 and 107079.
7
What is the greatest common divisor of 806900 and 22060?
20
Calculate the greatest common divisor of 1944 and 171486.
18
Calculate the highest common factor of 9 and 699536520.
9
Calculate the greatest common divisor of 707844 and 1037.
61
Calculate the greatest common factor of 5764920 and 45192.
168
Calculate the greatest common divisor of 1804 and 32738024.
44
Calculate the greatest common divisor of 1400850 and 3762.
198
Calculate the highest common divisor of 114089053 and 3302.
1651
Calculate the highest common factor of 99227 and 4288.
67
Calculate the highest common divisor of 19197912 and 6432.
1608
What is the highest common divisor of 6111 and 1247517?
873
What is the greatest common factor of 3531070 and 1360?
170
Calculate the greatest common factor of 2147 and 20311.
19
Calculate the greatest common factor of 852 and 851476.
4
Calculate the greatest common divisor of 45372 and 38199443.
3781
What is the highest common factor of 6722452 and 1056?
44
Calculate the greatest common divisor of 23210 and 2810.
10
Calculate the greatest common factor of 109981665 and 3753.
3753
Calculate the highest common divisor of 152001 and 1116.
9
What is the highest common divisor of 35262 and 87102?
54
Calculate the highest common divisor of 58 and 89646395.
29
Calculate the highest common divisor of 40117 and 174878.
11
What is the greatest common divisor of 4734 and 7425542?
526
What is the greatest common factor of 375167 and 806?
13
What is the highest common factor of 33680 and 17540?
20
Calculate the greatest common factor of 4778317312 and 908.
908
What is the greatest common factor of 3420 and 478469970?
1710
Calculate the highest common divisor of 11663 and 1613.
1
What is the greatest common factor of 15501988 and 876?
292
What is the highest common divisor of 15973675 and 16515?
1835
Calculate the highest common divisor of 84 and 250992294.
42
What is the highest common divisor of 124825 and 62?
1
What is the greatest common factor of 54324 and 3414364?
2012
Calculate the highest common divisor of 1856928 and 12064.
928
Calculate the greatest common factor of 6636 and 70756.
28
Calculate the highest common divisor of 725020 and 130.
10
Calculate the greatest common factor of 143 and 8261715.
11
What is the highest common divisor of 521 and 15004800?
521
What is the highest common factor of 14 and 18242058?
2
What is the highest common factor of 35915437 and 718?
359
Calculate the highest common divisor of 6318 and 105791751.
3159
Calculate the greatest common factor of 15711990 and 16905.
2415
What is the highest common divisor of 905160140 and 20?
20
Calculate the greatest common factor of 13 and 1541949461.
13
What is the greatest common factor of 51918682 and 414?
46
What is the highest common factor of 63007487 and 1304?
163
Calculate the greatest common divisor of 18263511 and 126.
63
Calculate the highest common factor of 11703 and 11844.
141
Calculate the highest common factor of 1506005 and 4069150.
4195
Calculate the highest common divisor of 694 and 52089558.
694
What is the greatest common divisor of 27684072 and 189?
27
Calculate the highest common factor of 13092 and 74136723.
3273
What is the highest common factor of 3383 and 3251262?
199
What is the greatest common factor of 984 and 60183777?
123
What is the greatest common factor of 5812728 and 120?
24
Calculate the highest common divisor of 29978 and 1150694.
2306
What is the highest common divisor of 4334 and 22770442?
394
What is the highest common factor of 2856 and 32623374?
714
Calculate the highest common divisor of 1312620790 and 295.
295
What is the greatest common factor of 4721 and 3949631089?
4721
What is the greatest common divisor of 21646 and 310154?
158
Calculate the greatest common factor of 25908 and 1281684.
1524
What is the greatest common factor of 54208 and 51408?
112
Calculate the greatest common divisor of 1054915 and 25192.
3149
What is the highest common divisor of 14795 and 23372065?
1345
What is the greatest common factor of 3192 and 1245564?
228
What is the highest common divisor of 9424 and 111073?
31
What is the highest common divisor of 137057 and 3995008?
1357
Calculate the greatest common factor of 246984 and 16446.
6
Calculate the greatest common factor of 10055465 and 855.
95
What is the greatest common factor of 5125 and 6050985?
205
Calculate the greatest common divisor of 1180 and 5683765.
295
What is the highest common divisor of 24057 and 1336257?
2187
What is the greatest common divisor of 411 and 4932685?
137
Calculate the greatest common factor of 192978833 and 5158.
2579
Calculate the greatest common divisor of 6202 and 694.
2
Calculate the highest common factor of 704149800 and 15.
15
What is the highest common divisor of 5243964 and 66?
66
What is the greatest common divisor of 90617 and 128?
1
Calculate the greatest common divisor of 380266 and 190.
38
Calculate the highest common factor of 4173 and 11497473.
39
What is the greatest common factor of 1500086 and 2793?
49
What is the highest common factor of 593338551 and 7526?
3763
Calculate the highest common divisor of 93880252 and 37020.
2468
What is the highest common factor of 232447 and 55199?
191
What is the greatest common factor of 2656 and 311648?
32
Calculate the highest common factor of 13942350 and 270.
90
Calculate the highest common divisor of 12880400 and 400.
400
What is the highest common factor of 19659525 and 275?
25
Calculate the highest common factor of 46 and 32020899.
23
What is the highest common factor of 414609520 and 295?
295
What is the highest common divisor of 136709309 and 847?
121
What is the highest common divisor of 22991815 and 10065?
3355
Calculate the highest common factor of 6 and 9959358.
6
Calculate the greatest common divisor of 37335942 and 833.
49
Calculate the highest common divisor of 1059024120 and 385.
385
Wha